 of 6249?
4
What is the hundreds digit of 194991?
9
What is the units digit of 2100?
0
What is the tens digit of 215?
1
What is the units digit of 19759?
9
What is the tens digit of 240?
4
What is the thousands digit of 1002?
1
What is the tens digit of 949?
4
What is the hundred thousands digit of 118475?
1
What is the thousands digit of 2072?
2
What is the units digit of 1291?
1
What is the thousands digit of 26993?
6
What is the tens digit of 10166?
6
What is the thousands digit of 1007?
1
What is the ten thousands digit of 37373?
3
What is the thousands digit of 3039?
3
What is the ten thousands digit of 19749?
1
What is the tens digit of 751?
5
What is the thousands digit of 1325?
1
What is the units digit of 3398?
8
What is the thousands digit of 4795?
4
What is the tens digit of 1494?
9
What is the thousands digit of 1575?
1
What is the thousands digit of 17305?
7
What is the ten thousands digit of 39063?
3
What is the units digit of 110272?
2
What is the units digit of 1197?
7
What is the units digit of 2877?
7
What is the units digit of 61753?
3
What is the units digit of 4912?
2
What is the units digit of 302?
2
What is the tens digit of 24071?
7
What is the units digit of 37926?
6
What is the units digit of 225?
5
What is the hundreds digit of 929?
9
What is the units digit of 8382?
2
What is the tens digit of 1589?
8
What is the thousands digit of 2391?
2
What is the tens digit of 305?
0
What is the thousands digit of 6793?
6
What is the thousands digit of 4084?
4
What is the thousands digit of 1333?
1
What is the tens digit of 10611?
1
What is the hundreds digit of 4233?
2
What is the thousands digit of 7935?
7
What is the ten thousands digit of 52958?
5
What is the hundreds digit of 8436?
4
What is the thousands digit of 1029?
1
What is the tens digit of 43365?
6
What is the units digit of 656?
6
What is the tens digit of 5342?
4
What is the tens digit of 2519?
1
What is the tens digit of 18377?
7
What is the tens digit of 567?
6
What is the ten thousands digit of 59894?
5
What is the thousands digit of 2882?
2
What is the units digit of 1752?
2
What is the units digit of 16509?
9
What is the tens digit of 19842?
4
What is the tens digit of 109296?
9
What is the tens digit of 1022?
2
What is the units digit of 976?
6
What is the thousands digit of 1134?
1
What is the tens digit of 18702?
0
What is the units digit of 73?
3
What is the hundreds digit of 3183?
1
What is the units digit of 2104?
4
What is the tens digit of 442?
4
What is the hundreds digit of 63656?
6
What is the hundreds digit of 16403?
4
What is the units digit of 46456?
6
What is the thousands digit of 4362?
4
What is the hundreds digit of 54531?
5
What is the tens digit of 5185?
8
What is the hundreds digit of 864?
8
What is the hundreds digit of 1107?
1
What is the units digit of 13527?
7
What is the thousands digit of 9462?
9
What is the tens digit of 374?
7
What is the hundreds digit of 2845?
8
What is the thousands digit of 13398?
3
What is the tens digit of 47684?
8
What is the thousands digit of 27789?
7
What is the tens digit of 412?
1
What is the thousands digit of 13618?
3
What is the units digit of 6150?
0
What is the hundreds digit of 12228?
2
What is the tens digit of 3012?
1
What is the hundreds digit of 831?
8
What is the tens digit of 9985?
8
What is the thousands digit of 47910?
7
What is the units digit of 63285?
5
What is the thousands digit of 75877?
5
What is the hundreds digit of 9092?
0
What is the thousands digit of 24423?
4
What is the thousands digit of 1980?
1
What is the tens digit of 15187?
8
What is the hundreds digit of 198?
1
What is the units digit of 1467?
7
What is the hundreds digit of 170585?
5
What is the tens digit of 15416?
1
What is the hundreds digit of 5958?
9
What is the tens digit of 9633?
3
What is the units digit of 226?
6
What is the thousands digit of 4475?
4
What is the hundreds digit of 536?
5
What is the hundreds digit of 923?
9
What is the hundreds digit of 3521?
5
What is the hundreds digit of 26607?
6
What is the units digit of 9769?
9
What is the tens digit of 119053?
5
What is the units digit of 7333?
3
What is the tens digit of 3543?
4
What is the hundreds digit of 30223?
2
What is the tens digit of 4815?
1
What is the hundred thousands digit of 122915?
1
What is the thousands digit of 8184?
8
What is the units digit of 1184?
4
What is the hundreds digit of 17495?
4
What is the units digit of 199?
9
What is the ten thousands digit of 20236?
2
What is the thousands digit of 2226?
2
What is the ten thousands digit of 10261?
1
What is the tens digit of 52953?
5
What is the ten thousands digit of 10280?
1
What is the tens digit of 28743?
4
What is the units digit of 30979?
9
What is the ten thousands digit of 51618?
5
What is the units digit of 388?
8
What is the tens digit of 1397?
9
What is the thousands digit of 49275?
9
What is the hundreds digit of 26710?
7
What is the thousands digit of 12921?
2
What is the units digit of 2683?
3
What is the tens digit of 25545?
4
What is the thousands digit of 1503?
1
What is the thousands digit of 102053?
2
What is the ten thousands digit of 24216?
2
What is the thousands digit of 7761?
7
What is the tens digit of 19151?
5
What is the thousands digit of 2151?
2
What is the tens digit of 2587?
8
What is the thousands digit of 12084?
2
What is the tens digit of 6353?
5
What is the hundred thousands digit of 100051?
1
What is the ten thousands digit of 29011?
2
What is the hundreds digit of 814?
8
What is the units digit of 4964?
4
What is the thousands digit of 4812?
4
What is the units digit of 121765?
5
What is the hundreds digit of 2690?
6
What is the thousands digit of 112594?
2
What is the hundreds digit of 4478?
4
What is the hundreds digit of 6777?
7
What is the hundreds digit of 1278?
2
What is the tens digit of 5666?
6
What is the thousands digit of 2052?
2
What is the units digit of 7501?
1
What is the hundreds digit of 33221?
2
What is the hundreds digit of 15511?
5
What is the hundreds digit of 3772?
7
What is the thousands digit of 2618?
2
What is the tens digit of 19742?
4
What is the units digit of 90633?
3
What is the thousands digit of 1656?
1
What is the units digit of 19820?
0
What is the ten thousands digit of 19001?
1
What is the units digit of 853?
3
What is the units digit of 4363?
3
What is the hundreds digit of 226?
2
What is the hundreds digit of 518?
5
What is the units digit of 17096?
6
What is the units digit of 47902?
2
What is the ten thousands digit of 41292?
4
What is the hundreds digit of 3562?
5
What is the tens digit of 2179?
7
What is the thousands digit of 18294?
8
What is the hundreds digit of 712?
7
What is the units digit of 18044?
4
What is the tens digit of 3570?
7
What is the ten thousands digit of 33701?
3
What is the tens digit of 2062?
6
What is the hundreds digit of 7995?
9
What is the tens digit of 69696?
9
What is the ten thousands digit of 16540?
1
What is the thousands digit of 5078?
5
What is the tens digit of 70372?
7
What is the tens digit of 43524?
2
What is the tens digit of 18736?
3
What is the tens digit of 57?
5
What is the hundreds digit of 40620?
6
What is the units digit of 775?
5
What is the tens digit of 469?
6
What is the units digit of 8720?
0
What is the units digit of 1493?
3
What is the units digit of 25065?
5
What is the tens digit of 196?
9
What is the thousands digit of 19772?
9
What is the thousands digit of 7235?
7
What is the tens digit of 441?
4
What is the tens digit of 1776?
7
What is the hundred thousands digit of 123544?
1
What is the hundreds digit of 13568?
5
What is the tens digit of 790?
9
What is the thousands digit of 12551?
2
What is the tens digit of 24288?
8
What is the hundreds digit of 2779?
7
What is the thousands digit of 1304?
1
What is the tens digit of 45043?
4
What is the tens digit of 2158?
5
What is the ten thousands digit of 57855?
5
What is the tens digit of 13902?
0
What is the units digit of 3822?
2
What is the tens digit of 3511?
1
What is the tens digit of 3384?
8
What is the hundreds digit of 3653?
6
What is the units digit of 2955?
5
What is the tens digit of 3897?
9
What is the hundreds digit of 5414?
4
What is the tens digit of 11545?
4
What is the ten thousa